of 1075923774?
0
What is the millions digit of 482630356?
2
What is the hundred thousands digit of 74924101?
9
What is the units digit of 1314411324?
4
What is the hundred thousands digit of 3797558386?
5
What is the thousands digit of 29813396?
3
What is the hundred thousands digit of 378012152?
0
What is the hundreds digit of 95179734?
7
What is the hundred thousands digit of 210063007?
0
What is the millions digit of 206257370?
6
What is the hundred millions digit of 3051621327?
0
What is the tens digit of 2334257757?
5
What is the ten thousands digit of 2800134794?
3
What is the hundreds digit of 128060359?
3
What is the hundreds digit of 476834509?
5
What is the hundred millions digit of 325107988?
3
What is the hundreds digit of 1390596362?
3
What is the hundred thousands digit of 47128878?
1
What is the units digit of 113487195?
5
What is the tens digit of 83756324?
2
What is the millions digit of 2285272015?
5
What is the hundreds digit of 70779160?
1
What is the thousands digit of 22161528?
1
What is the millions digit of 58489161?
8
What is the ten thousands digit of 10699518?
9
What is the hundred thousands digit of 42723886?
7
What is the thousands digit of 18575954?
5
What is the units digit of 670279897?
7
What is the tens digit of 837346342?
4
What is the units digit of 10585375?
5
What is the ten thousands digit of 583731390?
3
What is the billions digit of 1201491879?
1
What is the ten thousands digit of 1270906906?
0
What is the ten thousands digit of 854402566?
0
What is the tens digit of 35503320?
2
What is the tens digit of 54416854?
5
What is the tens digit of 145942475?
7
What is the hundreds digit of 119728542?
5
What is the ten thousands digit of 3003081?
0
What is the hundreds digit of 96906300?
3
What is the hundred thousands digit of 88424716?
4
What is the tens digit of 3594743792?
9
What is the hundreds digit of 21024874?
8
What is the thousands digit of 168232242?
2
What is the ten millions digit of 1241447725?
4
What is the hundreds digit of 1600272017?
0
What is the thousands digit of 2133031420?
1
What is the tens digit of 285529184?
8
What is the millions digit of 391723443?
1
What is the tens digit of 30939138?
3
What is the hundred millions digit of 276753680?
2
What is the millions digit of 118799599?
8
What is the millions digit of 492650314?
2
What is the hundreds digit of 4059241194?
1
What is the hundred millions digit of 975709441?
9
What is the hundreds digit of 2308995705?
7
What is the hundred thousands digit of 52408084?
4
What is the tens digit of 21781697?
9
What is the hundred thousands digit of 57726946?
7
What is the millions digit of 533116834?
3
What is the millions digit of 6347761565?
7
What is the millions digit of 6795078?
6
What is the hundred millions digit of 715282042?
7
What is the millions digit of 3451386185?
1
What is the hundred thousands digit of 44022240?
0
What is the units digit of 961189957?
7
What is the tens digit of 2059816239?
3
What is the hundreds digit of 168890259?
2
What is the ten millions digit of 390298265?
9
What is the thousands digit of 229877179?
7
What is the tens digit of 52687710?
1
What is the tens digit of 2748274116?
1
What is the ten millions digit of 39050163?
3
What is the hundreds digit of 146050643?
6
What is the units digit of 2871704641?
1
What is the hundreds digit of 6529526085?
0
What is the ten millions digit of 2188841271?
8
What is the hundreds digit of 65293633?
6
What is the hundred thousands digit of 131598799?
5
What is the units digit of 68250426?
6
What is the hundreds digit of 353214781?
7
What is the units digit of 8141792483?
3
What is the units digit of 2785602729?
9
What is the ten thousands digit of 1777046011?
4
What is the units digit of 59112328?
8
What is the hundreds digit of 5198451?
4
What is the hundreds digit of 97895230?
2
What is the ten thousands digit of 720246595?
4
What is the hundreds digit of 63583142?
1
What is the hundreds digit of 986150049?
0
What is the millions digit of 1367020676?
7
What is the hundred thousands digit of 104600547?
6
What is the units digit of 967365189?
9
What is the hundred millions digit of 311671152?
3
What is the hundreds digit of 6250372?
3
What is the millions digit of 487819214?
7
What is the hundred thousands digit of 171946973?
9
What is the hundred thousands digit of 104882655?
8
What is the ten thousands digit of 443259075?
5
What is the tens digit of 840246758?
5
What is the hundred thousands digit of 418369672?
3
What is the units digit of 28903153?
3
What is the ten millions digit of 162502296?
6
What is the thousands digit of 202294988?
4
What is the ten thousands digit of 381107658?
0
What is the hundreds digit of 7606814?
8
What is the hundred thousands digit of 485731496?
7
What is the millions digit of 7010857944?
0
What is the thousands digit of 40583544?
3
What is the units digit of 874803233?
3
What is the ten millions digit of 2554733253?
5
What is the millions digit of 120070060?
0
What is the hundred thousands digit of 50471507?
4
What is the hundred thousands digit of 10785983?
7
What is the hundred thousands digit of 102161775?
1
What is the millions digit of 61236998?
1
What is the millions digit of 157442950?
7
What is the thousands digit of 195436359?
6
What is the hundreds digit of 2417768565?
5
What is the hundred millions digit of 787475483?
7
What is the ten millions digit of 228817723?
2
What is the millions digit of 52257772?
2
What is the units digit of 309051817?
7
What is the ten millions digit of 258448207?
5
What is the units digit of 60854898?
8
What is the millions digit of 90989763?
0
What is the millions digit of 96624474?
6
What is the thousands digit of 55959354?
9
What is the ten millions digit of 239154775?
3
What is the tens digit of 651648414?
1
What is the ten millions digit of 70003449?
7
What is the billions digit of 3875753513?
3
What is the hundred thousands digit of 75687051?
6
What is the hundreds digit of 1026204956?
9
What is the ten millions digit of 404330668?
0
What is the hundreds digit of 75146891?
8
What is the hundred millions digit of 1893151334?
8
What is the hundreds digit of 1570983983?
9
What is the hundred thousands digit of 93348819?
3
What is the thousands digit of 1261026531?
6
What is the hundred millions digit of 433931180?
4
What is the tens digit of 33830531?
3
What is the millions digit of 66183831?
6
What is the millions digit of 22680810?
2
What is the hundreds digit of 622789041?
0
What is the hundreds digit of 149590235?
2
What is the ten thousands digit of 139353286?
5
What is the ten thousands digit of 19914266?
1
What is the units digit of 22929111?
1
What is the ten millions digit of 37154359?
3
What is the millions digit of 75921709?
5
What is the billions digit of 1475722307?
1
What is the tens digit of 1825019453?
5
What is the units digit of 70440668?
8
What is the units digit of 230969461?
1
What is the hundred thousands digit of 2848205374?
2
What is the ten thousands digit of 348523885?
2
What is the tens digit of 38043576?
7
What is the hundred millions digit of 305846179?
3
What is the millions digit of 10541569?
0
What is the hundred thousands digit of 1468593594?
5
What is the hundred thousands digit of 264309615?
3
What is the hundreds digit of 668714681?
6
What is the units digit of 60638834?
4
What is the millions digit of 434367913?
4
What is the millions digit of 15758299?
5
What is the thousands digit of 86528938?
8
What is the tens digit of 907047503?
0
What is the thousands digit of 22076711?
6
What is the hundred millions digit of 298802592?
2
What is the ten millions digit of 2894815030?
9
What is the ten thousands digit of 38824926?
2
What is the hundreds digit of 3664412743?
7
What is the billions digit of 6668180819?
6
What is the ten thousands digit of 10350674?
5
What is the hundred millions digit of 6278459709?
2
What is the thousands digit of 22949463?
9
What is the millions digit of 2322480196?
2
What is the ten thousands digit of 344056607?
5
What is the units digit of 237532457?
7
What is the tens digit of 8138931?
3
What is the thousands digit of 7842371?
2
What is the ten thousands digit of 126240885?
4
What is the millions digit of 132552297?
2
What is the hun